{"id":57,"date":"2021-12-23T08:59:31","date_gmt":"2021-12-23T08:59:31","guid":{"rendered":"https:\/\/bujinkanibiza.es\/wordpress\/?page_id=57"},"modified":"2021-12-23T21:45:05","modified_gmt":"2021-12-23T21:45:05","slug":"1o-kyu-ikkyu-marron","status":"publish","type":"page","link":"https:\/\/bujinkanibiza.es\/?page_id=57","title":{"rendered":"1\u00ba KYU (IKKYU) &#8211; MARRON"},"content":{"rendered":"<p>[et_pb_section fb_built=\u00bb1&#8243; fullwidth=\u00bbon\u00bb _builder_version=\u00bb4.14.3&#8243; background_color=\u00bb#871800&#8243; use_background_color_gradient=\u00bbon\u00bb background_color_gradient_start=\u00bb#e02b20&#8243; background_color_gradient_end=\u00bb#e09900&#8243; background_color_gradient_direction=\u00bb330deg\u00bb hover_enabled=\u00bb0&#8243; global_colors_info=\u00bb{}\u00bb sticky_enabled=\u00bb0&#8243;][et_pb_fullwidth_header title=\u00bb1\u00ba KYU (IKKYU) &#8211; CINTURON MARRON\u00bb text_orientation=\u00bbcenter\u00bb _builder_version=\u00bb4.14.3&#8243; title_font=\u00bb||||||||\u00bb background_color=\u00bb#895200&#8243; hover_enabled=\u00bb0&#8243; global_colors_info=\u00bb{}\u00bb button_one_text_size__hover_enabled=\u00bboff\u00bb button_two_text_size__hover_enabled=\u00bboff\u00bb button_one_text_color__hover_enabled=\u00bboff\u00bb button_two_text_color__hover_enabled=\u00bboff\u00bb button_one_border_width__hover_enabled=\u00bboff\u00bb button_two_border_width__hover_enabled=\u00bboff\u00bb button_one_border_color__hover_enabled=\u00bboff\u00bb button_two_border_color__hover_enabled=\u00bboff\u00bb button_one_border_radius__hover_enabled=\u00bboff\u00bb button_two_border_radius__hover_enabled=\u00bboff\u00bb button_one_letter_spacing__hover_enabled=\u00bboff\u00bb button_two_letter_spacing__hover_enabled=\u00bboff\u00bb button_one_bg_color__hover_enabled=\u00bboff\u00bb button_two_bg_color__hover_enabled=\u00bboff\u00bb sticky_enabled=\u00bb0&#8243;][\/et_pb_fullwidth_header][\/et_pb_section][et_pb_section fb_built=\u00bb1&#8243; _builder_version=\u00bb3.22&#8243; custom_margin=\u00bb-38px|||||\u00bb global_colors_info=\u00bb{}\u00bb][et_pb_row _builder_version=\u00bb4.14.3&#8243; _module_preset=\u00bbdefault\u00bb global_colors_info=\u00bb{}\u00bb][et_pb_column type=\u00bb4_4&#8243; _builder_version=\u00bb4.14.3&#8243; _module_preset=\u00bbdefault\u00bb global_colors_info=\u00bb{}\u00bb][et_pb_text _builder_version=\u00bb4.14.3&#8243; _module_preset=\u00bbdefault\u00bb box_shadow_style=\u00bbpreset1&#8243; global_colors_info=\u00bb{}\u00bb]<\/p>\n<p class=\"p1\">\n<p class=\"p1\" style=\"text-align: center;\">\n<p class=\"p1\" style=\"text-align: left; padding-left: 120px;\">\n<p class=\"p1\" style=\"text-align: left; padding-left: 120px;\">\n<p class=\"p1\" style=\"text-align: left; padding-left: 120px;\">\n<p class=\"p1\" style=\"text-align: left; padding-left: 120px;\"><strong><span style=\"text-decoration: underline;\">BIKEN JUTSU<\/span><\/strong>: t\u00e9cnicas de espada<\/p>\n<p class=\"p1\" style=\"text-align: left; padding-left: 120px;\"><strong><span style=\"text-decoration: underline;\">1-KAMAES:<\/span> <\/strong>posiciones<\/p>\n<p class=\"p1\" style=\"text-align: left; padding-left: 120px;\"><span style=\"text-decoration: underline;\">Ichi no kamae:<\/span><\/p>\n<p class=\"p1\" style=\"text-align: left; padding-left: 120px;\">Desde la posici\u00f3n ichimonji no kamae, colocar los brazos estirados y el bokken recto.<\/p>\n<p class=\"p1\" style=\"text-align: left; padding-left: 120px;\"><span style=\"text-decoration: underline;\">Chudan no kamae:<\/span><\/p>\n<p class=\"p1\" style=\"text-align: left; padding-left: 120px;\">Desde la posici\u00f3n ichimonji no kamae, estar relajado y la punta del bokken hacia arriba.<\/p>\n<p class=\"p1\" style=\"text-align: left; padding-left: 120px;\"><span style=\"text-decoration: underline;\">Seigan no kamae:<\/span><\/p>\n<p class=\"p1\" style=\"text-align: left; padding-left: 120px;\">Desde la posici\u00f3n ichimonji no kamae, colocar el mango del bokken en la cintura y la punta hacia arriba apuntando hacia los ojos del adversario.<\/p>\n<p class=\"p1\" style=\"text-align: left; padding-left: 120px;\"><span style=\"text-decoration: underline;\">Tosui no kamae:<\/span><\/p>\n<p class=\"p1\" style=\"text-align: left; padding-left: 120px;\">Desde la posici\u00f3n ichimonji no kamae, colocar la punta del bokken hacia abajo y pegada al pie adelantado.<\/p>\n<p class=\"p1\" style=\"text-align: left; padding-left: 120px;\">Ryosui no kamae:<\/p>\n<p class=\"p1\" style=\"text-align: left; padding-left: 120px;\">Desde la posici\u00f3n ichimonji no kamae, colocar el bokken con la punta hacia abajo y en medio de las dos piernas.<\/p>\n<p class=\"p1\" style=\"text-align: left; padding-left: 120px;\">Gedan no kamae:<\/p>\n<p class=\"p1\" style=\"text-align: left; padding-left: 120px;\">Desde la posici\u00f3n ichimonji no kamae, colocar el bokken hacia atr\u00e1s del cuerpo.<\/p>\n<p class=\"p1\" style=\"text-align: left; padding-left: 120px;\">Hasso no kamae \/ tenchijin no kamae:<\/p>\n<p class=\"p1\" style=\"text-align: left; padding-left: 120px;\">Desde la posici\u00f3n ichimonji no kamae, colocar los talones juntos mirando un pie hacia delante y otro hacia el lado, el bokken con la punta hacia arriba y a un palmo de distancia del pecho.<\/p>\n<p class=\"p1\" style=\"text-align: left; padding-left: 120px;\">Kasumi no kamae:<\/p>\n<p class=\"p1\" style=\"text-align: left; padding-left: 120px;\">Desde la posici\u00f3n ichimonji no kamae, colocar el mango del bokken pegado a la siene y la punta hacia atr\u00e1s o tambi\u00e9n de igual manera pero por delante de la frente y la punta hacia la izquierda o derecha.<\/p>\n<p class=\"p1\" style=\"text-align: left; padding-left: 120px;\">Jodan no kamae:<\/p>\n<p class=\"p1\" style=\"text-align: left; padding-left: 120px;\">Desde la posici\u00f3n ichimonji no kamae, colocar el mango por encima de la cabeza y la punta hacia arriba<\/p>\n<p class=\"p1\" style=\"text-align: left; padding-left: 120px;\">Daijodan no kamae:<\/p>\n<p class=\"p1\" style=\"text-align: left; padding-left: 120px;\">Igual que el anterior (jodan no kamae) pero alzamos m\u00e1s el cuerpo hacia arriba.<\/p>\n<p class=\"p1\" style=\"text-align: left; padding-left: 120px;\">Totoku kyoshi no kamae:<\/p>\n<p class=\"p1\" style=\"text-align: left; padding-left: 120px;\">Desde la posici\u00f3n ichimonji no kamae, nos ponemos en subari gata colocando la hoja lateralmente y cogida con una mano.<\/p>\n<p class=\"p1\" style=\"text-align: left; padding-left: 120px;\">2-HAPPO KIRI: ocho cortes b\u00e1sicos con espada<\/p>\n<p class=\"p1\" style=\"text-align: left; padding-left: 120px;\">Jodan kiri:<\/p>\n<p class=\"p1\" style=\"text-align: left; padding-left: 120px;\">Corte desde arriba hacia abajo<\/p>\n<p class=\"p1\" style=\"text-align: left; padding-left: 120px;\">Age kiri:<\/p>\n<p class=\"p1\" style=\"text-align: left; padding-left: 120px;\">Corte desde abajo hacia arriba<\/p>\n<p class=\"p1\" style=\"text-align: left; padding-left: 120px;\">Hidari do kiri:<\/p>\n<p class=\"p1\" style=\"text-align: left; padding-left: 120px;\">Corte desde el lado izquierdo hacia el derecho<\/p>\n<p class=\"p1\" style=\"text-align: left; padding-left: 120px;\">Migi do kiri:<\/p>\n<p class=\"p1\" style=\"text-align: left; padding-left: 120px;\">Corte desde el lado derecho hacia el izquierdo<\/p>\n<p class=\"p1\" style=\"text-align: left; padding-left: 120px;\">Migi kesa kiri:<\/p>\n<p class=\"p1\" style=\"text-align: left; padding-left: 120px;\">Corte desde el hombro izquierdo hacia la pierna derecha<\/p>\n<p class=\"p1\" style=\"text-align: left; padding-left: 120px;\">Hidari kesa kiri:<\/p>\n<p class=\"p1\" style=\"text-align: left; padding-left: 120px;\">Corte desde el hombro derecho hacia la pierna izquierda<\/p>\n<p class=\"p1\" style=\"text-align: left; padding-left: 120px;\">Hidari gyaku kesa kiri:<\/p>\n<p class=\"p1\" style=\"text-align: left; padding-left: 120px;\">Corte desde la pierna derecha hacia el hombro izquierdo<\/p>\n<p class=\"p1\" style=\"text-align: left; padding-left: 120px;\">Migi gyaku kesa kiri:<\/p>\n<p class=\"p1\" style=\"text-align: left; padding-left: 120px;\">Corte desde la pierna izquierda hacia el hombro derecho<\/p>\n<p class=\"p1\" style=\"text-align: left; padding-left: 120px;\">Tsuki:<\/p>\n<p class=\"p1\" style=\"text-align: left; padding-left: 120px;\">Corte de punta<\/p>\n<p class=\"p1\" style=\"text-align: left; padding-left: 120px;\">3-KAITEN: rodamientos<\/p>\n<p class=\"p1\" style=\"text-align: left; padding-left: 120px;\">Zempo kaiten ryote:<\/p>\n<p class=\"p1\" style=\"text-align: left; padding-left: 120px;\">Rodamiento frontal ryote, katate y mute.<\/p>\n<p class=\"p1\" style=\"text-align: left; padding-left: 120px;\">Practicar migi y hidari.<\/p>\n<p class=\"p1\" style=\"text-align: left; padding-left: 120px;\">Sokuho kaiten ryote:<\/p>\n<p class=\"p1\" style=\"text-align: left; padding-left: 120px;\">Rodamiento lateral ryote, katate y mute.<\/p>\n<p class=\"p1\" style=\"text-align: left; padding-left: 120px;\">Practicar migi y hidari.<\/p>\n<p class=\"p1\" style=\"text-align: left; padding-left: 120px;\">Koho kaiten ryote:<\/p>\n<p class=\"p1\" style=\"text-align: left; padding-left: 120px;\">Rodamiento hacia atr\u00e1s ryote, katate y mute.<\/p>\n<p class=\"p1\" style=\"text-align: left; padding-left: 120px;\">Practicar migi y hidari.<\/p>\n<p class=\"p1\" style=\"text-align: left; padding-left: 120px;\">Hicho kaiten:<\/p>\n<p class=\"p1\" style=\"text-align: left; padding-left: 120px;\">Rodamientos con obst\u00e1culos.<\/p>\n<p class=\"p1\" style=\"text-align: left; padding-left: 120px;\">Practicar migi y hidari.<\/p>\n<p class=\"p1\" style=\"text-align: left; padding-left: 120px;\">4-UKEMIS: ca\u00eddas<\/p>\n<p class=\"p1\" style=\"text-align: left; padding-left: 120px;\">Zempo ukemi: ca\u00edda hacia delante ryote y katate<\/p>\n<p class=\"p1\" style=\"text-align: left; padding-left: 120px;\">Sokuho ukemi: ca\u00edda de lado ryote y katate<\/p>\n<p class=\"p1\" style=\"text-align: left; padding-left: 120px;\">Koho ukemi: ca\u00edda hacia atr\u00e1s ryote<\/p>\n<p class=\"p1\" style=\"text-align: left; padding-left: 120px;\">5- PARTES PRINCIPALES DE LA KATANA<\/p>\n<p class=\"p1\" style=\"text-align: left; padding-left: 120px;\">Tsuka: mango de la katana<\/p>\n<p class=\"p1\" style=\"text-align: left; padding-left: 120px;\">Tsuba: aro o protector de la katana<\/p>\n<p class=\"p1\" style=\"text-align: left; padding-left: 120px;\">Mune: lomo de la katana, parte que no corta<\/p>\n<p class=\"p1\" style=\"text-align: left; padding-left: 120px;\">Hamon: toda la parte contraria mune, parte que corta<\/p>\n<p class=\"p1\" style=\"text-align: left; padding-left: 120px;\">Boshi: curva de la punta del filo de la katana<\/p>\n<p class=\"p1\" style=\"text-align: left; padding-left: 120px;\">Kissaki: punta de la katana<\/p>\n<p class=\"p1\" style=\"text-align: left; padding-left: 120px;\">6\u00ba TAIHEN JUTSU MUT\u00d3 DORI KATA: t\u00e9cnicas de movimiento corporal ante ataque de espada<\/p>\n<p class=\"p1\" style=\"text-align: left; padding-left: 120px;\">Hira no kamae:<\/p>\n<p class=\"p1\" style=\"text-align: left; padding-left: 120px;\">El adversario est\u00e1 en J\u00f3dan no kamae con la espada y realiza un ataque descendente a tu cabeza. Te desplazas atr\u00e1s desde hira no kamae a ichimonji no kamae derecho para evitar el corte. Despu\u00e9s, giras y ruedas con el hombro derecho fuera del alcance del ataque.<\/p>\n<p class=\"p1\" style=\"text-align: left; padding-left: 120px;\">Practicar migi y hidari.<\/p>\n<p class=\"p1\" style=\"text-align: left; padding-left: 120px;\">lchimonji no kamae:<\/p>\n<p class=\"p1\" style=\"text-align: left; padding-left: 120px;\">El adversario est\u00e1 en J\u00f3dan no kamae con la espada y realiza un ataque descendente a tu cabeza. T\u00fa est\u00e1s en ichimonji no kamae izquierdo. Al atacar el adversario ruedas 45\u00ba grados frontalmente por debajo del corte quedando por detr\u00e1s del atacante. Cuando \u00e9ste intenta, nuevamente hacer otro corte descendente, das un paso frontalmente hacia \u00e9l y colocando la rodilla derecha en el suelo aplicas fudo ken o shit\u00f3 ken derecho al plexo solar o genitales controlando con el antebrazo izquierdo las mu\u00f1ecas del adversario para que no pueda cortarte.<\/p>\n<p class=\"p1\" style=\"text-align: left; padding-left: 120px;\">Practicar migi y hidari.<\/p>\n<p class=\"p1\" style=\"text-align: left; padding-left: 120px;\">J\u00fcmonii no kamae:<\/p>\n<p class=\"p1\" style=\"text-align: left; padding-left: 120px;\">Cuando el adversario realiza un corte descendente con la katana, utilizas el m\u00e9todo Shih\u00f3 tobi, desde ichimonji saltas hacia delante en diagonal para luego girar el cuerpo en el siguiente salto de tal forma que cuando caes golpeas fuertemente la pierna del adversario para que este caiga al suelo por el impacto.<\/p>\n<p class=\"p1\" style=\"text-align: left; padding-left: 120px;\">Practicar migi y hidari.<\/p>\n<p class=\"p1\" style=\"text-align: left; padding-left: 120px;\">REISIKI: teor\u00eda<\/p>\n<p class=\"p1\" style=\"text-align: left; padding-left: 120px;\">TOGAKURE RYU NINJUTSU<\/p>\n<p class=\"p1\" style=\"text-align: left; padding-left: 120px;\">KOMOGAKURE RY\u00db NINJUTSU<\/p>\n<p class=\"p1\" style=\"text-align: left; padding-left: 120px;\">GYOKUSHIN RY\u00db NINJUTSU<\/p>\n<p class=\"p1\" style=\"text-align: left; padding-left: 120px;\">\n<p class=\"p1\" style=\"text-align: left; padding-left: 120px;\">\n<p class=\"p1\" style=\"text-align: left; padding-left: 120px;\">\n<p>[\/et_pb_text][\/et_pb_column][\/et_pb_row][\/et_pb_section][et_pb_section fb_built=\u00bb1&#8243; fullwidth=\u00bbon\u00bb _builder_version=\u00bb4.14.3&#8243; _module_preset=\u00bbdefault\u00bb global_colors_info=\u00bb{}\u00bb][\/et_pb_section]<\/p>\n","protected":false},"excerpt":{"rendered":"<p>BIKEN JUTSU: t\u00e9cnicas de espada 1-KAMAES: posiciones Ichi no kamae: Desde la posici\u00f3n ichimonji no kamae, colocar los brazos estirados y el bokken recto. Chudan no kamae: Desde la posici\u00f3n ichimonji no kamae, estar relajado y la punta del bokken hacia arriba. Seigan no kamae: Desde la posici\u00f3n ichimonji no kamae, colocar el mango del [&hellip;]<\/p>\n","protected":false},"author":2,"featured_media":0,"parent":0,"menu_order":0,"comment_status":"closed","ping_status":"closed","template":"","meta":{"_et_pb_use_builder":"on","_et_pb_old_content":"<!-- wp:file {\"id\":58,\"href\":\"https:\/\/bujinkanibiza.es\/wordpress\/wp-content\/uploads\/2021\/12\/1-kyu.doc\"} -->\n<div class=\"wp-block-file\"><a href=\"https:\/\/bujinkanibiza.es\/wordpress\/wp-content\/uploads\/2021\/12\/1-kyu.doc\">1-kyu<\/a><a href=\"https:\/\/bujinkanibiza.es\/wordpress\/wp-content\/uploads\/2021\/12\/1-kyu.doc\" class=\"wp-block-file__button\" download>Descarga<\/a><\/div>\n<!-- \/wp:file -->\n\n<!-- wp:paragraph -->\n<p>BIKEN JUTSU: t\u00e9cnicas de espada<\/p>\n<!-- \/wp:paragraph -->\n\n<!-- wp:paragraph -->\n<p>1-KAMAES: posiciones<\/p>\n<!-- \/wp:paragraph -->\n\n<!-- wp:paragraph -->\n<p>Ichi no kamae:&nbsp;<\/p>\n<!-- \/wp:paragraph -->\n\n<!-- wp:paragraph -->\n<p>Desde la posici\u00f3n ichimonji no kamae, colocar los brazos estirados y el bokken recto.<\/p>\n<!-- \/wp:paragraph -->\n\n<!-- wp:paragraph -->\n<p>Chudan no kamae:<\/p>\n<!-- \/wp:paragraph -->\n\n<!-- wp:paragraph -->\n<p>Desde la posici\u00f3n ichimonji no kamae, estar relajado y la punta del bokken hacia arriba.<\/p>\n<!-- \/wp:paragraph -->\n\n<!-- wp:paragraph -->\n<p>Seigan no kamae:&nbsp;<\/p>\n<!-- \/wp:paragraph -->\n\n<!-- wp:paragraph -->\n<p>Desde la posici\u00f3n ichimonji no kamae, colocar el mango del bokken en la cintura y la punta hacia arriba apuntando hacia los ojos del adversario.<\/p>\n<!-- \/wp:paragraph -->\n\n<!-- wp:paragraph -->\n<p>Tosui no kamae:<\/p>\n<!-- \/wp:paragraph -->\n\n<!-- wp:paragraph -->\n<p>Desde la posici\u00f3n ichimonji no kamae, colocar la punta del bokken hacia abajo y pegada al pie adelantado.<\/p>\n<!-- \/wp:paragraph -->\n\n<!-- wp:paragraph -->\n<p>Ryosui no kamae:&nbsp;<\/p>\n<!-- \/wp:paragraph -->\n\n<!-- wp:paragraph -->\n<p>Desde la posici\u00f3n ichimonji no kamae, colocar el bokken con la punta hacia abajo y en medio de las dos piernas.<\/p>\n<!-- \/wp:paragraph -->\n\n<!-- wp:paragraph -->\n<p>Gedan no kamae:&nbsp;<\/p>\n<!-- \/wp:paragraph -->\n\n<!-- wp:paragraph -->\n<p>Desde la posici\u00f3n ichimonji no kamae, colocar el bokken hacia atr\u00e1s del cuerpo.<\/p>\n<!-- \/wp:paragraph -->\n\n<!-- wp:paragraph -->\n<p>Hasso no kamae \/ tenchijin no kamae:<\/p>\n<!-- \/wp:paragraph -->\n\n<!-- wp:paragraph -->\n<p>Desde la posici\u00f3n ichimonji no kamae, colocar los talones juntos mirando un pie hacia delante y otro hacia el lado, el bokken con la punta hacia arriba y a un palmo de distancia del pecho.&nbsp;<\/p>\n<!-- \/wp:paragraph -->\n\n<!-- wp:paragraph -->\n<p>Kasumi no kamae:&nbsp;<\/p>\n<!-- \/wp:paragraph -->\n\n<!-- wp:paragraph -->\n<p>Desde la posici\u00f3n ichimonji no kamae, colocar el mango del bokken pegado a la siene y la punta hacia atr\u00e1s o tambi\u00e9n de igual manera pero por delante de la frente y la punta hacia la izquierda o derecha.<\/p>\n<!-- \/wp:paragraph -->\n\n<!-- wp:paragraph -->\n<p>Jodan no kamae:&nbsp;<\/p>\n<!-- \/wp:paragraph -->\n\n<!-- wp:paragraph -->\n<p>Desde la posici\u00f3n ichimonji no kamae, colocar el mango por encima de la cabeza y la punta hacia arriba<\/p>\n<!-- \/wp:paragraph -->\n\n<!-- wp:paragraph -->\n<p>Daijodan no kamae:<\/p>\n<!-- \/wp:paragraph -->\n\n<!-- wp:paragraph -->\n<p>Igual que el anterior (jodan no kamae) pero alzamos m\u00e1s el cuerpo hacia arriba.<\/p>\n<!-- \/wp:paragraph -->\n\n<!-- wp:paragraph -->\n<p>Totoku kyoshi no kamae:&nbsp;<\/p>\n<!-- \/wp:paragraph -->\n\n<!-- wp:paragraph -->\n<p>Desde la posici\u00f3n ichimonji no kamae, nos ponemos en subari gata colocando la hoja lateralmente y cogida con una mano.<\/p>\n<!-- \/wp:paragraph -->\n\n<!-- wp:paragraph -->\n<p>2-HAPPO KIRI: ocho cortes b\u00e1sicos con espada<\/p>\n<!-- \/wp:paragraph -->\n\n<!-- wp:paragraph -->\n<p>Jodan kiri:<\/p>\n<!-- \/wp:paragraph -->\n\n<!-- wp:paragraph -->\n<p>Corte desde arriba hacia abajo<\/p>\n<!-- \/wp:paragraph -->\n\n<!-- wp:paragraph -->\n<p>Age kiri:<\/p>\n<!-- \/wp:paragraph -->\n\n<!-- wp:paragraph -->\n<p>Corte desde abajo hacia arriba<\/p>\n<!-- \/wp:paragraph -->\n\n<!-- wp:paragraph -->\n<p>Hidari do kiri:<\/p>\n<!-- \/wp:paragraph -->\n\n<!-- wp:paragraph -->\n<p>Corte desde el lado izquierdo hacia el derecho<\/p>\n<!-- \/wp:paragraph -->\n\n<!-- wp:paragraph -->\n<p>Migi do kiri:<\/p>\n<!-- \/wp:paragraph -->\n\n<!-- wp:paragraph -->\n<p>Corte desde el lado derecho hacia el izquierdo<\/p>\n<!-- \/wp:paragraph -->\n\n<!-- wp:paragraph -->\n<p>Migi kesa kiri:&nbsp;<\/p>\n<!-- \/wp:paragraph -->\n\n<!-- wp:paragraph -->\n<p>Corte desde el hombro izquierdo hacia la pierna derecha<\/p>\n<!-- \/wp:paragraph -->\n\n<!-- wp:paragraph -->\n<p>Hidari kesa kiri:<\/p>\n<!-- \/wp:paragraph -->\n\n<!-- wp:paragraph -->\n<p>Corte desde el hombro derecho hacia la pierna izquierda<\/p>\n<!-- \/wp:paragraph -->\n\n<!-- wp:paragraph -->\n<p>Hidari gyaku kesa kiri:<\/p>\n<!-- \/wp:paragraph -->\n\n<!-- wp:paragraph -->\n<p>Corte desde la pierna derecha hacia el hombro izquierdo<\/p>\n<!-- \/wp:paragraph -->\n\n<!-- wp:paragraph -->\n<p>Migi gyaku kesa kiri:<\/p>\n<!-- \/wp:paragraph -->\n\n<!-- wp:paragraph -->\n<p>Corte desde la pierna izquierda hacia el hombro derecho<\/p>\n<!-- \/wp:paragraph -->\n\n<!-- wp:paragraph -->\n<p>Tsuki:&nbsp;<\/p>\n<!-- \/wp:paragraph -->\n\n<!-- wp:paragraph -->\n<p>Corte de punta<\/p>\n<!-- \/wp:paragraph -->\n\n<!-- wp:paragraph -->\n<p>3-KAITEN: rodamientos<\/p>\n<!-- \/wp:paragraph -->\n\n<!-- wp:paragraph -->\n<p>Zempo kaiten ryote:<\/p>\n<!-- \/wp:paragraph -->\n\n<!-- wp:paragraph -->\n<p>Rodamiento frontal ryote, katate y mute.<\/p>\n<!-- \/wp:paragraph -->\n\n<!-- wp:paragraph -->\n<p>Practicar migi y hidari.<\/p>\n<!-- \/wp:paragraph -->\n\n<!-- wp:paragraph -->\n<p>Sokuho kaiten ryote:&nbsp;<\/p>\n<!-- \/wp:paragraph -->\n\n<!-- wp:paragraph -->\n<p>Rodamiento lateral ryote, katate y mute.<\/p>\n<!-- \/wp:paragraph -->\n\n<!-- wp:paragraph -->\n<p>Practicar migi y hidari.<\/p>\n<!-- \/wp:paragraph -->\n\n<!-- wp:paragraph -->\n<p>Koho kaiten ryote:&nbsp;<\/p>\n<!-- \/wp:paragraph -->\n\n<!-- wp:paragraph -->\n<p>Rodamiento hacia atr\u00e1s ryote, katate y mute.<\/p>\n<!-- \/wp:paragraph -->\n\n<!-- wp:paragraph -->\n<p>Practicar migi y hidari.<\/p>\n<!-- \/wp:paragraph -->\n\n<!-- wp:paragraph -->\n<p>Hicho kaiten:&nbsp;<\/p>\n<!-- \/wp:paragraph -->\n\n<!-- wp:paragraph -->\n<p>Rodamientos con obst\u00e1culos.<\/p>\n<!-- \/wp:paragraph -->\n\n<!-- wp:paragraph -->\n<p>Practicar migi y hidari.<\/p>\n<!-- \/wp:paragraph -->\n\n<!-- wp:paragraph -->\n<p>4-UKEMIS: ca\u00eddas<\/p>\n<!-- \/wp:paragraph -->\n\n<!-- wp:paragraph -->\n<p>Zempo ukemi: ca\u00edda hacia delante ryote y katate<\/p>\n<!-- \/wp:paragraph -->\n\n<!-- wp:paragraph -->\n<p>Sokuho ukemi: ca\u00edda de lado ryote y katate<\/p>\n<!-- \/wp:paragraph -->\n\n<!-- wp:paragraph -->\n<p>Koho ukemi: ca\u00edda hacia atr\u00e1s ryote&nbsp;<\/p>\n<!-- \/wp:paragraph -->\n\n<!-- wp:paragraph -->\n<p>5- PARTES PRINCIPALES DE LA KATANA<\/p>\n<!-- \/wp:paragraph -->\n\n<!-- wp:paragraph -->\n<p>Tsuka: mango de la katana<\/p>\n<!-- \/wp:paragraph -->\n\n<!-- wp:paragraph -->\n<p>Tsuba: aro o protector de la katana<\/p>\n<!-- \/wp:paragraph -->\n\n<!-- wp:paragraph -->\n<p>Mune: lomo de la katana, parte que no corta<\/p>\n<!-- \/wp:paragraph -->\n\n<!-- wp:paragraph -->\n<p>Hamon: toda la parte contraria mune, parte que corta<\/p>\n<!-- \/wp:paragraph -->\n\n<!-- wp:paragraph -->\n<p>Boshi: curva de la punta del filo de la katana<\/p>\n<!-- \/wp:paragraph -->\n\n<!-- wp:paragraph -->\n<p>Kissaki: punta de la katana<\/p>\n<!-- \/wp:paragraph -->\n\n<!-- wp:paragraph -->\n<p>6\u00ba TAIHEN JUTSU MUT\u00d3 DORI KATA: t\u00e9cnicas de movimiento corporal ante ataque de espada<\/p>\n<!-- \/wp:paragraph -->\n\n<!-- wp:paragraph -->\n<p>Hira no kamae:<\/p>\n<!-- \/wp:paragraph -->\n\n<!-- wp:paragraph -->\n<p>El adversario est\u00e1 en J\u00f3dan no kamae con la espada y realiza un ataque descendente a tu cabeza. Te desplazas atr\u00e1s desde hira no kamae a ichimonji no kamae derecho para evitar el corte. Despu\u00e9s, giras y ruedas con el hombro derecho fuera del alcance del ataque.&nbsp;<\/p>\n<!-- \/wp:paragraph -->\n\n<!-- wp:paragraph -->\n<p>Practicar migi y hidari.<\/p>\n<!-- \/wp:paragraph -->\n\n<!-- wp:paragraph -->\n<p>lchimonji no kamae:<\/p>\n<!-- \/wp:paragraph -->\n\n<!-- wp:paragraph -->\n<p>El adversario est\u00e1 en J\u00f3dan no kamae con la espada y realiza un ataque descendente a tu cabeza. T\u00fa est\u00e1s en ichimonji no kamae izquierdo. Al atacar el adversario ruedas 45\u00ba grados frontalmente por debajo del corte quedando por detr\u00e1s del atacante. Cuando \u00e9ste intenta, nuevamente hacer otro corte descendente, das un paso frontalmente hacia \u00e9l y colocando la rodilla derecha en el suelo aplicas fudo ken o shit\u00f3 ken derecho al plexo solar o genitales controlando con el antebrazo izquierdo las mu\u00f1ecas del adversario para que no pueda cortarte.&nbsp;<\/p>\n<!-- \/wp:paragraph -->\n\n<!-- wp:paragraph -->\n<p>Practicar migi y hidari.<\/p>\n<!-- \/wp:paragraph -->\n\n<!-- wp:paragraph -->\n<p>J\u00fcmonii no kamae:<\/p>\n<!-- \/wp:paragraph -->\n\n<!-- wp:paragraph -->\n<p>Cuando el adversario realiza un corte descendente con la katana, utilizas el m\u00e9todo Shih\u00f3 tobi, desde ichimonji saltas hacia delante en diagonal para luego girar el cuerpo en el siguiente salto de tal forma que cuando caes golpeas fuertemente la pierna del adversario para que este caiga al suelo por el impacto.<\/p>\n<!-- \/wp:paragraph -->\n\n<!-- wp:paragraph -->\n<p>Practicar migi y hidari.<\/p>\n<!-- \/wp:paragraph -->\n\n<!-- wp:paragraph -->\n<p>REISIKI: teor\u00eda<\/p>\n<!-- \/wp:paragraph -->\n\n<!-- wp:paragraph -->\n<p>TOGAKURE RYU NINJUTSU<\/p>\n<!-- \/wp:paragraph -->\n\n<!-- wp:paragraph -->\n<p>KOMOGAKURE RY\u00db NINJUTSU<\/p>\n<!-- \/wp:paragraph -->\n\n<!-- wp:paragraph -->\n<p>GYOKUSHIN RY\u00db NINJUTSU<\/p>\n<!-- \/wp:paragraph -->","_et_gb_content_width":"","footnotes":""},"class_list":["post-57","page","type-page","status-publish","hentry"],"_links":{"self":[{"href":"https:\/\/bujinkanibiza.es\/index.php?rest_route=\/wp\/v2\/pages\/57","targetHints":{"allow":["GET"]}}],"collection":[{"href":"https:\/\/bujinkanibiza.es\/index.php?rest_route=\/wp\/v2\/pages"}],"about":[{"href":"https:\/\/bujinkanibiza.es\/index.php?rest_route=\/wp\/v2\/types\/page"}],"author":[{"embeddable":true,"href":"https:\/\/bujinkanibiza.es\/index.php?rest_route=\/wp\/v2\/users\/2"}],"replies":[{"embeddable":true,"href":"https:\/\/bujinkanibiza.es\/index.php?rest_route=%2Fwp%2Fv2%2Fcomments&post=57"}],"version-history":[{"count":4,"href":"https:\/\/bujinkanibiza.es\/index.php?rest_route=\/wp\/v2\/pages\/57\/revisions"}],"predecessor-version":[{"id":81,"href":"https:\/\/bujinkanibiza.es\/index.php?rest_route=\/wp\/v2\/pages\/57\/revisions\/81"}],"wp:attachment":[{"href":"https:\/\/bujinkanibiza.es\/index.php?rest_route=%2Fwp%2Fv2%2Fmedia&parent=57"}],"curies":[{"name":"wp","href":"https:\/\/api.w.org\/{rel}","templated":true}]}}