{"id":93,"date":"2021-12-23T21:47:14","date_gmt":"2021-12-23T21:47:14","guid":{"rendered":"https:\/\/bujinkanibiza.es\/wordpress\/?page_id=93"},"modified":"2021-12-24T09:07:22","modified_gmt":"2021-12-24T09:07:22","slug":"6o-kyu-rokku-kyu-naranja-verde","status":"publish","type":"page","link":"https:\/\/bujinkanibiza.es\/?page_id=93","title":{"rendered":"6\u00ba KYU (ROKKU KYU) NARANJA\/VERDE"},"content":{"rendered":"<p>[et_pb_section fb_built=\u00bb1&#8243; fullwidth=\u00bbon\u00bb _builder_version=\u00bb4.14.3&#8243; background_color=\u00bb#871800&#8243; use_background_color_gradient=\u00bbon\u00bb background_color_gradient_start=\u00bb#e02b20&#8243; background_color_gradient_end=\u00bb#e09900&#8243; background_color_gradient_direction=\u00bb330deg\u00bb global_colors_info=\u00bb{}\u00bb theme_builder_area=\u00bbpost_content\u00bb][et_pb_fullwidth_header title=\u00bb6\u00ba KYU (ROKKU KYU) NARANJA\/VERDE\u00bb text_orientation=\u00bbcenter\u00bb _builder_version=\u00bb4.14.3&#8243; title_font=\u00bb||||||||\u00bb title_text_color=\u00bb#000000&#8243; background_color_gradient_start=\u00bb#e09900&#8243; background_color_gradient_end=\u00bb#7cda24&#8243; hover_enabled=\u00bb0&#8243; global_colors_info=\u00bb{}\u00bb button_one_text_size__hover_enabled=\u00bboff\u00bb button_two_text_size__hover_enabled=\u00bboff\u00bb button_one_text_color__hover_enabled=\u00bboff\u00bb button_two_text_color__hover_enabled=\u00bboff\u00bb button_one_border_width__hover_enabled=\u00bboff\u00bb button_two_border_width__hover_enabled=\u00bboff\u00bb button_one_border_color__hover_enabled=\u00bboff\u00bb button_two_border_color__hover_enabled=\u00bboff\u00bb button_one_border_radius__hover_enabled=\u00bboff\u00bb button_two_border_radius__hover_enabled=\u00bboff\u00bb button_one_letter_spacing__hover_enabled=\u00bboff\u00bb button_two_letter_spacing__hover_enabled=\u00bboff\u00bb button_one_bg_color__hover_enabled=\u00bboff\u00bb button_two_bg_color__hover_enabled=\u00bboff\u00bb theme_builder_area=\u00bbpost_content\u00bb background_enable_color=\u00bboff\u00bb use_background_color_gradient=\u00bbon\u00bb sticky_enabled=\u00bb0&#8243;][\/et_pb_fullwidth_header][\/et_pb_section][et_pb_section fb_built=\u00bb1&#8243; _builder_version=\u00bb3.22&#8243; custom_margin=\u00bb-38px|||||\u00bb global_colors_info=\u00bb{}\u00bb theme_builder_area=\u00bbpost_content\u00bb][et_pb_row _builder_version=\u00bb4.14.3&#8243; _module_preset=\u00bbdefault\u00bb global_colors_info=\u00bb{}\u00bb theme_builder_area=\u00bbpost_content\u00bb][et_pb_column type=\u00bb4_4&#8243; _builder_version=\u00bb4.14.3&#8243; _module_preset=\u00bbdefault\u00bb global_colors_info=\u00bb{}\u00bb theme_builder_area=\u00bbpost_content\u00bb][et_pb_text _builder_version=\u00bb4.14.3&#8243; _module_preset=\u00bbdefault\u00bb hover_enabled=\u00bb0&#8243; box_shadow_style=\u00bbpreset1&#8243; global_colors_info=\u00bb{}\u00bb theme_builder_area=\u00bbpost_content\u00bb sticky_enabled=\u00bb0&#8243;]<\/p>\n<p class=\"p1\" style=\"padding-left: 120px;\">\n<p class=\"p1\" style=\"padding-left: 120px;\">\n<p class=\"p1\" style=\"padding-left: 120px;\">\n<p class=\"p1\" style=\"padding-left: 120px;\">1\u00ba TAIHEN JUTSU UKEMI KATA: T\u00e9cnicas de movimiento corporal<\/p>\n<p class=\"p1\" style=\"padding-left: 120px;\">Jun nagare:<\/p>\n<p class=\"p1\" style=\"padding-left: 120px;\">De la posici\u00f3n ichimonji no kamae izquierdo, te giras hacia atr\u00e1s por el lado derecho y ruedas frontalmente sobre el hombro derecho.<\/p>\n<p class=\"p1\" style=\"padding-left: 120px;\">Practicar migi y hidari.<\/p>\n<p class=\"p1\" style=\"padding-left: 120px;\">Gyaku nagare:<\/p>\n<p class=\"p1\" style=\"padding-left: 120px;\">La misma t\u00e9cnica anterior pero al girarte hacia atr\u00e1s ruedas con el hombro inverso (izquierdo).<\/p>\n<p class=\"p1\" style=\"padding-left: 120px;\">Practicar migi y hidari.<\/p>\n<p class=\"p1\" style=\"padding-left: 120px;\">\u00d3ten katate (Rueda lateral con una mano)<\/p>\n<p class=\"p1\" style=\"padding-left: 120px;\">Desde Hira ichimonji no kamae, lanzarse lateralmente apoyando una mano en el suelo y estirando las piernas hacia arriba, caer nuevamente en la posici\u00f3n inicial.<\/p>\n<p class=\"p1\" style=\"padding-left: 120px;\">Practicar migi y hidari.<\/p>\n<p class=\"p1\" style=\"padding-left: 120px;\">2\u00ba SH\u00d3TEN NO JUTSU: \u00bb subir el cielo\u00bb<\/p>\n<p class=\"p1\" style=\"padding-left: 120px;\">Ejercicio n\u00ba 1: Subir sobre la pared (verticalmente). Tomas la distancia adecuada para salir corriendo y subir lo m\u00e1s alto posible \u00abcorriendo verticalmente\u201d. Caer con las rodillas flexionadas.<\/p>\n<p class=\"p1\" style=\"padding-left: 120px;\">Practicar migi y hidari.<\/p>\n<p class=\"p1\" style=\"padding-left: 120px;\">Ejercicio n\u00ba 2: El mismo ejercicio que el primero, pero al caer al suelo aplicar diversos rodamientos y ca\u00eddas.<\/p>\n<p class=\"p1\" style=\"padding-left: 120px;\">Practicar migi y hidari.<\/p>\n<p class=\"p1\" style=\"padding-left: 120px;\">Ejercicio n\u00ba 3: El mismo ejercicio anterior, pero en esta ocasi\u00f3n, los brazos no se mueven para realizar el ejercicio. Recuerda: Siempre caer con las rodillas flexionadas.<\/p>\n<p class=\"p1\" style=\"padding-left: 120px;\">Practicar migi y hidari.<\/p>\n<p class=\"p1\" style=\"padding-left: 120px;\">3\u00ba SHIKEN TOBI:<\/p>\n<p class=\"p1\" style=\"padding-left: 120px;\">Practicar shih\u00f4 tenchi tobi contra ataques de bokken y rokushakub\u00f4<\/p>\n<p class=\"p1\" style=\"padding-left: 120px;\">4\u00ba HA JUTSU: t\u00e9cnicas de sueltas y escapes<\/p>\n<p class=\"p1\" style=\"padding-left: 120px;\">Tehodoki katate: suelta contra agarre de una mano<\/p>\n<p class=\"p1\" style=\"padding-left: 120px;\">El adversario agarra nuestra mano derecha con su mano izquierda. Elevamos el codo, abrimos la mano, doblamos la rodilla y adelantando la pierna derecha golpeamos su codo izquierdo con nuestro codo derecho, de esta forma soltamos la presa del adversario.<\/p>\n<p class=\"p1\" style=\"padding-left: 120px;\">Tehodoki ryote: suelta contra agarre de dos manos<\/p>\n<p class=\"p1\" style=\"padding-left: 120px;\">El adversario agarra nuestras mu\u00f1ecas. Damos un paso atr\u00e1s con la pierna derecha y pegando los codos a nuestro cuerpo, elevamos los brazos con las palmas de las manos unidas para soltar la presa del adversario.<\/p>\n<p class=\"p1\" style=\"padding-left: 120px;\">Tehodoki morote: suelta contra agarre a una mano de dos manos<\/p>\n<p class=\"p1\" style=\"padding-left: 120px;\">El adversario agarra nuestra mu\u00f1eca derecha con sus dos manos. Damos un paso atr\u00e1s con la pierna derecha, pegando nuestro codo derecho al cuerpo. La palma de la mano toma el control del agarre en un movimiento envolvente y transfiriendo el peso de la pierna izquierda (adelantada) aplicamos un chudan uke con la palma de la mano abierta.<\/p>\n<p class=\"p1\" style=\"padding-left: 120px;\">5\u00ba GOGYO NO KATA: los cinco elementos<\/p>\n<p class=\"p1\" style=\"padding-left: 120px;\">Sanshin No Kata: (La Forma De Los Tres Corazones)<\/p>\n<p class=\"p1\" style=\"padding-left: 120px;\">Chi no kata (la forma de la tierra): movimiento extenso y profundo, inm\u00f3vil<\/p>\n<p class=\"p1\" style=\"padding-left: 120px;\">Desde shizen no kamae (hira no kamae). Cuando el adversario nos ataca con fudo ken derecho, retrasa la pierna derecha atr\u00e1s y adoptas la posici\u00f3n de katate ichimonji no kamae o soshin no kamae (pu\u00f1o en la cintura), seguidamente avanza con la pierna derecha hacia delante y aplicas sanshitan-ken (golpe con los tres dedos) con la mano derecha a la garganta del adversario.<\/p>\n<p class=\"p1\" style=\"padding-left: 120px;\">Practicar por la derecha (migi) y por la izquierda (hidari).<\/p>\n<p class=\"p1\" style=\"padding-left: 120px;\">Sui no kata (la forma del agua): movimiento fluido, circular<\/p>\n<p class=\"p1\" style=\"padding-left: 120px;\">Desde katate ichimonji no kamae o soshin no kamae (pu\u00f1o en la cintura). Cuando el adversario nos ataca con fudo ken derecho, retrasa la pierna derecha atr\u00e1s en diagonal y adoptas la posici\u00f3n de Doko no kamae, avanza con la pierna derecha y gira el cuerpo con la pierna izquierda, de forma circular y aplicas omote shut\u00f3 (omote kiten ken) derecho al cuello del adversario.<\/p>\n<p class=\"p1\" style=\"padding-left: 120px;\">Practicar por la derecha (migi) y por la izquierda (hidari).<\/p>\n<p class=\"p1\" style=\"padding-left: 120px;\">Ka no kata (la forma del fuego): movimiento r\u00e1pido, destructor<\/p>\n<p class=\"p1\" style=\"padding-left: 120px;\">Desde katate ichimonji no kamae o soshin no kamae (pu\u00f1o en la cintura). Cuando el adversario nos ataca con fudo ken derecho, retrasa la pierna derecha atr\u00e1s y adoptas la posici\u00f3n de Doko no kamae, se avanza con la pierna derecha y aplicas ura shut\u00f3 ken (ura kiten ken) derecho al cuello del adversario.<\/p>\n<p class=\"p1\" style=\"padding-left: 120px;\">Practicar por la derecha (migi) y por la izquierda (hidari).<\/p>\n<p class=\"p1\" style=\"padding-left: 120px;\">Fu no kata (la forma del viento): combina los tres anteriores, a\u00e9reo<\/p>\n<p class=\"p1\" style=\"padding-left: 120px;\">Desde katate ichimonji no kamae o soshin no kamae (pu\u00f1o en la cintura). Cuando el adversario nos ataca con fudo ken derecho, retrasa la pierna derecha atr\u00e1s en diagonal y realizas un gedan uke nagashi con el brazo izquierdo, seguidamente adelantas la pierna derecha en un movimiento descendente y aplicas b\u00f4shin ken (shito ken) derecho a la zona genital o parte interior de la pierna del adversario.<\/p>\n<p class=\"p1\" style=\"padding-left: 120px;\">Tambi\u00e9n se puede realizar un movimiento ascendente y aplicas b\u00f4shin ken (shito ken) derecho a la garganta del adversario<\/p>\n<p class=\"p1\" style=\"padding-left: 120px;\">Practicar por la derecha (migi) y por la izquierda (hidari).<\/p>\n<p class=\"p1\" style=\"padding-left: 120px;\">Ku no kata (elemento vac\u00edo): combina los cuatro anteriores, natural<\/p>\n<p class=\"p1\" style=\"padding-left: 120px;\">Desde katate ichimonji no kamae o soshin no kamae (pu\u00f1o en la cintura), Cuando el adversario nos ataca con fudo ken derecho, retrasa la pierna derecha atr\u00e1s en diagonal, realizas gedan o ch\u00fbdan uke nagashi con el brazo izquierdo y al mismo tiempo levantas la mano derecha hacia el cielo, con la palma de la mano hacia delante y con la pierna derecha haces zemp\u00f4 sokuyaku keri al pecho del adversario.<\/p>\n<p class=\"p1\" style=\"padding-left: 120px;\">Practicar por la derecha y por la izquierda.<\/p>\n<p class=\"p1\" style=\"padding-left: 120px;\">* practicar desde ataque de uke, fudo ken<\/p>\n<p class=\"p1\" style=\"padding-left: 120px;\">6\u00ba KIHON HAPPO: OCHO T\u00c9CNICAS B\u00c1SICAS<\/p>\n<p class=\"p1\" style=\"padding-left: 120px;\">1-Koshi kihon sampo no kata: tres formas de golpear con la cadera<\/p>\n<p class=\"p1\" style=\"padding-left: 120px;\">Ichimonji no kamae:<\/p>\n<p class=\"p1\" style=\"padding-left: 120px;\">Nos colocamos en ichimonji. Cuando el adversario nos ataca con el pu\u00f1o derecho, retrocedemos la pierna derecha atr\u00e1s en diagonal y realizamos jodan uke nagashi con nuestro brazo izquierdo, seguidamente adelantamos la pierna derecha y aplicamos omote shut\u00f4 con la mano derecha al cuello del adversario.<\/p>\n<p class=\"p1\" style=\"padding-left: 120px;\">Practicar por la derecha (migi) y por la izquierda (hidari).<\/p>\n<p class=\"p1\" style=\"padding-left: 120px;\">J\u00fbmonji no kamae:<\/p>\n<p class=\"p1\" style=\"padding-left: 120px;\">Nos colocarnos en J\u00famonji no kamae. Cuando el adversario nos ataca fud\u00f3 ken derecho a nivel alto, bloqueamos su ataque con jodan uke nagashi izquierdo, deslizando al mismo tiempo la pierna derecha atr\u00e1s en diagonal. Transferimos el peso hacia la pierna adelantada y hacemos b\u00f3shi ken (shito ken) derecho a las costillas (butsumetsu) del adversario y seguidamente levantamos la misma mano coloc\u00e1ndola en Hon kamae. El adversario realiza, ahora, un ataque con el otro pu\u00f1o y realizas la misma serie que por el lado izquierdo, terminando finalmente en Kosei no kamae o en J\u00fcmonji no kamae.<\/p>\n<p class=\"p1\" style=\"padding-left: 120px;\">Practicar por la derecha (migi) y por la izquierda (hidari).<\/p>\n<p class=\"p1\" style=\"padding-left: 120px;\">Hich\u00f4 no kamae:<\/p>\n<p class=\"p1\" style=\"padding-left: 120px;\">Nos colocamos en hicho no kamae, cuando el adversario nos ataca fud\u00f4 ken derecho a nivel medio, bloqueamos su ataque con chudan uke nagashi izquierdo, flexionando la pierna de apoyo y manteniendo el cuerpo en vertical. Seguidamente aplicamos zempo sokyaku keri izquierdo a butsumetsu (costillas) del adversario, adelantamos la pierna derecha y golpeamos ura shuto ken (ura kiten ken) derecho al cuello del adversario.<\/p>\n<p class=\"p1\" style=\"padding-left: 120px;\">Tambi\u00e9n se puede practicar del mismo modo cuando el adversario no tira zempo keri.<\/p>\n<p class=\"p1\" style=\"padding-left: 120px;\">Practicar por la derecha (migi) y por la izquierda (hidari).<\/p>\n<p class=\"p1\" style=\"padding-left: 120px;\">* practicar desde ataque de uke, fudo ken<\/p>\n<p class=\"p1\" style=\"padding-left: 120px;\">2-Hoshu kihon goho no kata o tori goho: cinco formas de atrapar o agarrar las manos<\/p>\n<p class=\"p1\" style=\"padding-left: 120px;\">Omote kote gyaku dori: luxaci\u00f3n exterior de mu\u00f1eca<\/p>\n<p class=\"p1\" style=\"padding-left: 120px;\">Desde hira no kamae. El adversario nos ataca fud\u00f4 ken derecho con su mano derecha, cubre su mano derecha con tu mano izquierda, realizando un yoko taisabaki henka hacia atr\u00e1s con la pierna derecha. Seguidamente la mano derecha agarra la mano del oponente por debajo en un movimiento ascendente colocando la palma de la mano del mismo girada hacia su cabeza. En un movimiento conjunto de la pierna izquierda hacia atr\u00e1s con las rodillas, cadera y brazos, luxas la mu\u00f1eca derecha del adversario llev\u00e1ndolo al suelo.<\/p>\n<p class=\"p1\" style=\"padding-left: 120px;\">Practicar por la derecha y por la izquierda.<\/p>\n<p class=\"p1\" style=\"padding-left: 120px;\">Omote kote gyaku dori + jodan uke nagashi<\/p>\n<p class=\"p1\" style=\"padding-left: 120px;\">La misma t\u00e9cnica anterior, pero en esta ocasi\u00f3n el adversario ataca con la otra mano con otro pu\u00f1o y debes aplicar un bloqueo a ese pu\u00f1o, dependiendo del nivel (jodan, ch\u00fbdan o gedan) del ataque del oponente para realizar el omote gyaku dori.<\/p>\n<p class=\"p1\" style=\"padding-left: 120px;\">Practicar por la derecha y por la izquierda.<\/p>\n<p class=\"p1\" style=\"padding-left: 120px;\">Ura kote gyaku dori: luxaci\u00f3n interior de mu\u00f1eca<\/p>\n<p class=\"p1\" style=\"padding-left: 120px;\">Desde hira no kamae. El adversario nos ataca fud\u00f4 ken derecho con su mano derecha. Cubre su mano derecha con tu mano derecha pas\u00e1ndola sobre su mu\u00f1eca, colocando tu codo sobre su brazo. Realizando un yoko tai-sabaki henka hacia atr\u00e1s con la pierna izquierda. Gira el cuerpo al frente iniciando la luxaci\u00f3n de la mu\u00f1eca derecha del adversario con hon gyaku dori. Desliza la pierna derecha atr\u00e1s y agarrando la mu\u00f1eca derecha del adversario con tu mano derecha y su codo (por la parte superior) con tu mano izquierda lo llevas al suelo luxando su mu\u00f1eca. (el agarre del codo es un soporte para realizar la luxaci\u00f3n).<\/p>\n<p class=\"p1\" style=\"padding-left: 120px;\">Practicar por la derecha y por la izquierda.<\/p>\n<p class=\"p1\" style=\"padding-left: 120px;\">Musha dori: El agarre del guerrero.<\/p>\n<p class=\"p1\" style=\"padding-left: 120px;\">Desde hira no kamae. El adversario nos ataca fud\u00f4 ken derecho con su mano derecha. Desliza la pierna derecha atr\u00e1s en diagonal coloc\u00e1ndote en ichimonji no kamae para realizar un jodan uke nagashi izquierdo al brazo del adversario, seguidamente enrolla el brazo derecho del adversario con tu brazo izquierdo, desde dentro hacia fuera por encima del codo. Despl\u00e1zate girando al lateral derecho del cuerpo del adversario con tu pierna izquierda, luxa su codo y ll\u00e9valo hacia arriba con las dos manos, para luego patear con tu pierna derecha la parte de atr\u00e1s (gemelo) de la pierna derecha del adversario llev\u00e1ndolo abajo.<\/p>\n<p class=\"p1\" style=\"padding-left: 120px;\">Ganseki nage: proyecci\u00f3n de la gran piedra<\/p>\n<p class=\"p1\" style=\"padding-left: 120px;\">Desde hira no kamae. El adversario nos ataca fud\u00f4 ken derecho con su mano derecha. Desliza la pierna derecha atr\u00e1s en diagonal coloc\u00e1ndote en ichimonji no kamae para realizar un jodan uke nagashi izquierdo al brazo del adversario. Eleva tu brazo izquierdo y desde el interior hacia el exterior por debajo del codo, enrolla el brazo derecho del adversario, pivoteando sobre tu pierna derecha hacia el exterior. Quedas de esta forma en hoko no kamae, coloca tu pierna izquierda por delante de la pierna derecha del adversario y girando tu cuerpo levemente hacia la derecha proyectas al adversario al suelo.<\/p>\n<p class=\"p1\" style=\"padding-left: 120px;\">Practicar por la derecha y por la izquierda.<\/p>\n<p class=\"p1\" style=\"padding-left: 120px;\">* practicar desde ataque de uke, fudo ken<\/p>\n<p class=\"p1\" style=\"padding-left: 120px;\">KERI KATA: t\u00e9cnicas de patadas<\/p>\n<p class=\"p1\" style=\"padding-left: 120px;\">Sukui keri: patada de cuchara<\/p>\n<p class=\"p1\" style=\"padding-left: 120px;\">Desde shizen no kamae. Realizar patada tipo cuchara (envolvente). La idea es realizar la patada, tal como dice su propio nombre, en forma de cuchara.<\/p>\n<p class=\"p1\" style=\"padding-left: 120px;\">Practicar por la derecha (migi) y por la izquierda (hidari).<\/p>\n<p class=\"p1\" style=\"padding-left: 120px;\">Ko\u00ea keri:<\/p>\n<p class=\"p1\" style=\"padding-left: 120px;\">Patada con la punta de los dedos del pie, la planta o el canto exterior a la ingle.<\/p>\n<p class=\"p1\" style=\"padding-left: 120px;\">Practicar por la derecha (migi) y por la izquierda (hidari).<\/p>\n<p class=\"p1\" style=\"padding-left: 120px;\">Kakushi keri: patada escondida<\/p>\n<p class=\"p1\" style=\"padding-left: 120px;\">Patear con la planta del pie, desde arriba hacia abajo a las rodillas.<\/p>\n<p class=\"p1\" style=\"padding-left: 120px;\">Practicar por la derecha (migi) y por la izquierda (hidari).<\/p>\n<p class=\"p1\" style=\"padding-left: 120px;\">Uma koh\u00f4 keri:<\/p>\n<p class=\"p1\" style=\"padding-left: 120px;\">Desde shizen no kamae, flexionar las rodillas e ir abajo y apoyando las manos en el suelo patear con ambas piernas atr\u00e1s al mismo tiempo.<\/p>\n<p class=\"p1\" style=\"padding-left: 120px;\">Practicar por la derecha (migi) y por la izquierda (hidari).<\/p>\n<p class=\"p1\" style=\"padding-left: 120px;\">Byoken: patada de tacha (clavo\/tachuela)<\/p>\n<p class=\"p1\" style=\"padding-left: 120px;\">Desde shizen no kamae respondemos a un ataque de pu\u00f1o derecho del adversario girando sobre el pie izquierdo y pateando circularmente como si clav\u00e1ramos al adversario.<\/p>\n<p class=\"p1\" style=\"padding-left: 120px;\">Practicar por la derecha (migi) y por la izquierda (hidari).<\/p>\n<p class=\"p1\" style=\"padding-left: 120px;\">Kagi geri: patada en gancho:<\/p>\n<p class=\"p1\" style=\"padding-left: 120px;\">Patear con el tal\u00f3n hacia atr\u00e1s o hacia delante.<\/p>\n<p class=\"p1\" style=\"padding-left: 120px;\">Practicar por la derecha (migi) y por la izquierda (hidari).<\/p>\n<p class=\"p1\" style=\"padding-left: 120px;\">Sokuyaku harai ken: patada barriendo<\/p>\n<p class=\"p1\" style=\"padding-left: 120px;\">Ante un ataque de pu\u00f1o, golpeamos la cara del adversario barriendo la misma.<\/p>\n<p class=\"p1\" style=\"padding-left: 120px;\">Practicar por la derecha (migi) y por la izquierda (hidari).<\/p>\n<p class=\"p1\" style=\"padding-left: 120px;\">Naname ushiro tenchijin geri: patada atr\u00e1s en diagonal<\/p>\n<p class=\"p1\" style=\"padding-left: 120px;\">El adversario ataca con un fudo ken derecho y desde hira no kamae te mueves hacia el exterior del ataque y girando aplicas una patada en diagonal hacia atr\u00e1s con la pierna derecha.<\/p>\n<p class=\"p1\" style=\"padding-left: 120px;\">Practicar por la derecha (migi) y por la izquierda (hidari).<\/p>\n<p class=\"p1\" style=\"padding-left: 120px;\">Ashi Barai:<\/p>\n<p class=\"p1\" style=\"padding-left: 120px;\">Todas las formas de barridos.<\/p>\n<p class=\"p1\" style=\"padding-left: 120px;\">Practicar por la derecha (migi) y por la izquierda (hidari).<\/p>\n<p class=\"p1\" style=\"padding-left: 120px;\">UCHI KATA: otros golpes<\/p>\n<p class=\"p1\" style=\"padding-left: 120px;\">Shuk\u00f4 ken: golpe con el dorso de la mano<\/p>\n<p class=\"p1\" style=\"padding-left: 120px;\">Se golpea con la parte exterior de la mano, hacia delante o hacia atr\u00e1s<\/p>\n<p class=\"p1\" style=\"padding-left: 120px;\">Practicar por la derecha (migi) y por la izquierda (hidari).<\/p>\n<p class=\"p1\" style=\"padding-left: 120px;\">Hacho ken:<\/p>\n<p class=\"p1\" style=\"padding-left: 120px;\">Golpe con la base de la mano hacia arriba teniendo los dedos encogidos.<\/p>\n<p class=\"p1\" style=\"padding-left: 120px;\">Practicar por la derecha (migi) y por la izquierda (hidari).<\/p>\n<p class=\"p1\" style=\"padding-left: 120px;\">Nadaka ken:<\/p>\n<p class=\"p1\" style=\"padding-left: 120px;\">Golpear desde fudo ken sacando m\u00e1s adelantado el segundo nudillo (dedo medio)<\/p>\n<p class=\"p1\" style=\"padding-left: 120px;\">Practicar por la derecha (migi) y por la izquierda (hidari).<\/p>\n<p class=\"p1\" style=\"padding-left: 120px;\">Tsuma ken:<\/p>\n<p class=\"p1\" style=\"padding-left: 120px;\">Patear con el dedo gordo del pie<\/p>\n<p class=\"p1\" style=\"padding-left: 120px;\">Practicar por la derecha (migi) y por la izquierda (hidari).<\/p>\n<p class=\"p1\" style=\"padding-left: 120px;\">Sokkotsu ken:<\/p>\n<p class=\"p1\" style=\"padding-left: 120px;\">Patear con el empeine del pie<\/p>\n<p class=\"p1\" style=\"padding-left: 120px;\">Practicar por la derecha (migi) y por la izquierda (hidari).<\/p>\n<p class=\"p1\" style=\"padding-left: 120px;\">KERI KATA: otras patadas<\/p>\n<p class=\"p1\" style=\"padding-left: 120px;\">Yoko geri:<\/p>\n<p class=\"p1\" style=\"padding-left: 120px;\">Patada lateral con la planta del pie. Puede ser con la pierna adelantada o con la atrasada<\/p>\n<p class=\"p1\" style=\"padding-left: 120px;\">Practicar por la derecha (migi) y por la izquierda (hidari).<\/p>\n<p class=\"p1\" style=\"padding-left: 120px;\">Mawashi geri:<\/p>\n<p class=\"p1\" style=\"padding-left: 120px;\">Patada circular con el empeine del pie. Puede ser con la pierna adelantada o con la atrasada.<\/p>\n<p class=\"p1\" style=\"padding-left: 120px;\">Practicar por la derecha (migi) y por la izquierda (hidari).<\/p>\n<p class=\"p1\" style=\"padding-left: 120px;\">TSUKI NO KIHON: golpes de pu\u00f1o<\/p>\n<p class=\"p1\" style=\"padding-left: 120px;\">Tetsu ichi ken: golpe de martillo<\/p>\n<p class=\"p1\" style=\"padding-left: 120px;\">Se golpea con el pu\u00f1o cerrado hacia abajo.<\/p>\n<p class=\"p1\" style=\"padding-left: 120px;\">Practicar por la derecha (migi) y por la izquierda (hidari).<\/p>\n<p class=\"p1\" style=\"padding-left: 120px;\">Sake choyaku tsuki: gancho<\/p>\n<p class=\"p1\" style=\"padding-left: 120px;\">Se golpea de abajo hacia arriba con el brazo doblado en forma de gancho.<\/p>\n<p class=\"p1\" style=\"padding-left: 120px;\">Practicar por la derecha (migi) y por la izquierda (hidari).<\/p>\n<p class=\"p1\" style=\"padding-left: 120px;\">Futsu ken: golpe circular:<\/p>\n<p class=\"p1\" style=\"padding-left: 120px;\">Se golpea con el pu\u00f1o moviendo el brazo circularmente.<\/p>\n<p class=\"p1\" style=\"padding-left: 120px;\">Practicar por la derecha (migi) y por la izquierda (hidari).<\/p>\n<p class=\"p1\" style=\"padding-left: 120px;\">REISIKI: teor\u00eda<\/p>\n<p class=\"p1\" style=\"padding-left: 120px;\">ESCUELA GYOKKO RY\u00db KOSSHIJUTSU<\/p>\n<p class=\"p1\" style=\"padding-left: 120px;\">\n<p class=\"p1\" style=\"padding-left: 120px;\">\n<p class=\"p1\" style=\"padding-left: 120px;\">\n<p>[\/et_pb_text][\/et_pb_column][\/et_pb_row][\/et_pb_section][et_pb_section fb_built=\u00bb1&#8243; fullwidth=\u00bbon\u00bb _builder_version=\u00bb4.14.3&#8243; _module_preset=\u00bbdefault\u00bb global_colors_info=\u00bb{}\u00bb theme_builder_area=\u00bbpost_content\u00bb][\/et_pb_section]<\/p>\n","protected":false},"excerpt":{"rendered":"<p>1\u00ba TAIHEN JUTSU UKEMI KATA: T\u00e9cnicas de movimiento corporal Jun nagare: De la posici\u00f3n ichimonji no kamae izquierdo, te giras hacia atr\u00e1s por el lado derecho y ruedas frontalmente sobre el hombro derecho. Practicar migi y hidari. Gyaku nagare: La misma t\u00e9cnica anterior pero al girarte hacia atr\u00e1s ruedas con el hombro inverso (izquierdo). Practicar [&hellip;]<\/p>\n","protected":false},"author":2,"featured_media":0,"parent":0,"menu_order":0,"comment_status":"closed","ping_status":"closed","template":"","meta":{"_et_pb_use_builder":"on","_et_pb_old_content":"<!-- wp:divi\/placeholder \/-->","_et_gb_content_width":"","footnotes":""},"class_list":["post-93","page","type-page","status-publish","hentry"],"_links":{"self":[{"href":"https:\/\/bujinkanibiza.es\/index.php?rest_route=\/wp\/v2\/pages\/93","targetHints":{"allow":["GET"]}}],"collection":[{"href":"https:\/\/bujinkanibiza.es\/index.php?rest_route=\/wp\/v2\/pages"}],"about":[{"href":"https:\/\/bujinkanibiza.es\/index.php?rest_route=\/wp\/v2\/types\/page"}],"author":[{"embeddable":true,"href":"https:\/\/bujinkanibiza.es\/index.php?rest_route=\/wp\/v2\/users\/2"}],"replies":[{"embeddable":true,"href":"https:\/\/bujinkanibiza.es\/index.php?rest_route=%2Fwp%2Fv2%2Fcomments&post=93"}],"version-history":[{"count":4,"href":"https:\/\/bujinkanibiza.es\/index.php?rest_route=\/wp\/v2\/pages\/93\/revisions"}],"predecessor-version":[{"id":126,"href":"https:\/\/bujinkanibiza.es\/index.php?rest_route=\/wp\/v2\/pages\/93\/revisions\/126"}],"wp:attachment":[{"href":"https:\/\/bujinkanibiza.es\/index.php?rest_route=%2Fwp%2Fv2%2Fmedia&parent=93"}],"curies":[{"name":"wp","href":"https:\/\/api.w.org\/{rel}","templated":true}]}}